{"id":25,"date":"2023-08-26T17:40:25","date_gmt":"2023-08-26T15:40:25","guid":{"rendered":"https:\/\/ensemblestmichel.fr\/?page_id=25"},"modified":"2026-04-27T11:16:20","modified_gmt":"2026-04-27T09:16:20","slug":"dates","status":"publish","type":"page","link":"https:\/\/ensemblestmichel.fr\/index.php\/dates\/","title":{"rendered":"Dates"},"content":{"rendered":"\n<p class=\"has-text-align-center\">Les r\u00e9p\u00e9titions de l&#8217;Ensemble Saint-Michel ont lieu<br><strong><em>le samedi de 10h30 \u00e0 12h00<\/em><\/strong><br>environ 2 fois par mois (hors vacances scolaires)<\/p>\n\n\n\n<p class=\"has-text-align-center\"> \u00e0 l&#8217;Accueil Notre Dame du Folgo\u00ebt (salle 1 \u00e0 l&#8217;\u00e9tage) <\/p>\n\n\n\n<p class=\"has-text-align-center\"><strong><a href=\"https:\/\/ensemblestmichel.fr\/wp-admin\/post.php?post=235&amp;action=edit\"><em>Calendrier des r\u00e9p\u00e9tition<\/em>s<\/a><\/strong><\/p>\n\n\n\n<div class=\"wp-block-group has-global-padding is-layout-constrained wp-block-group-is-layout-constrained\">\n<p class=\"has-text-align-center has-vivid-cyan-blue-color has-text-color has-link-color wp-elements-10837d0fec289c10f6df29ec15fc8692\">Prochaine participation de l&#8217;Ensemble Saint-Michel \u00e0 une messe : <\/p>\n\n\n\n<p class=\"has-text-align-center has-vivid-cyan-blue-color has-text-color has-link-color has-large-font-size wp-elements-c89fc452814fefc7578b8f6720b9bc52\"><strong>Samedi 27 juin 2026 \u00e0 18h00<\/strong> :<\/p>\n\n\n\n<p class=\"has-text-align-center has-vivid-cyan-blue-color has-text-color has-link-color has-large-font-size wp-elements-8574c8f16a9e94e224466cf3b9cbd30b\"><strong>Pardon de la<\/strong> <strong>Chapelle Saint-Jean \u00e0 PLOUVIEN<\/strong><\/p>\n\n\n\n<p class=\"has-text-align-center has-vivid-cyan-blue-color has-text-color has-link-color has-large-font-size wp-elements-d7bbacd12fe71d6facde7f6ae5917bdc\"><\/p>\n\n\n\n<p class=\"has-text-align-center has-medium-font-size\"><em><a href=\"http:\/\/ensemblestmichel.fr\/wp-content\/uploads\/2026\/04\/27Juin2026CHANTS.pdf\">Liste des chants<\/a><\/em><\/p>\n\n\n\n<p class=\"has-text-align-center\"><em>Interpr\u00e9tation<\/em><\/p>\n\n\n\n<p class=\"has-text-align-center\"><a href=\"http:\/\/ensemblestmichel.fr\/wp-content\/uploads\/2024\/06\/Messe-du-samedi-16-novembre2024.pdf\"><em><\/em><\/a><em><a href=\"http:\/\/ensemblestmichel.fr\/wp-content\/uploads\/2024\/06\/Messe-du-samedi-16-novembre2024.pdf\"><\/a><\/em><\/p>\n\n\n\n<p class=\"has-text-align-left\"><strong>Participations r\u00e9centes :<\/strong><\/p>\n\n\n\n<p class=\"has-text-align-left\">Samedi 21 mars 2026 : \u00e9glise Saint-Michel de Lesneven<\/p>\n\n\n\n<p>Samedi 13 d\u00e9cembre 2025 : \u00e9glise Saint-Michel de Lesneven<\/p>\n\n\n\n<p>Samedi 21 juin 2025 : chapelle Saint-Jean Balanant \u00e0 Plouvien (pardon)<\/p>\n\n\n\n<p>Samedi 22 mars 2025 : \u00e9glise Saint-Michel de Lesneven<\/p>\n\n\n\n<p>Samedi 16 novembre 2024 : \u00e9glise Saint-Michel de Lesneven<\/p>\n\n\n\n<p>Samedi 15 juin 2024 : \u00e9glise Saint-Michel de Lesneven<\/p>\n\n\n\n<p class=\"has-text-align-left\">Samedi 10 f\u00e9vrier 2024 : \u00e9glise Saint-Michel de Lesneven.<\/p>\n\n\n\n<p><\/p>\n\n\n\n<p><\/p>\n\n\n\n<p><\/p>\n\n\n\n<p><\/p>\n\n\n\n<p><\/p>\n\n\n\n<p class=\"has-text-align-left\"><\/p>\n\n\n\n<p class=\"has-text-align-center\"><a href=\"http:\/\/ensemblestmichel.fr\/wp-content\/uploads\/2024\/06\/Messe-du-samedi-16-novembre2024.pdf\"><em><a href=\"http:\/\/ensemblestmichel.fr\/wp-content\/uploads\/2024\/06\/Messe-du-samedi-16-novembre2024.pdf\"><\/a><\/em><\/a><\/p>\n\n\n\n<p><\/p>\n\n\n\n<div class=\"wp-block-columns alignwide is-layout-flex wp-container-core-columns-is-layout-28f84493 wp-block-columns-is-layout-flex\">\n<div class=\"wp-block-column is-layout-flow wp-block-column-is-layout-flow\" style=\"flex-basis:100%\"><\/div>\n<\/div>\n\n\n\n<p><\/p>\n\n\n\n<p><\/p>\n<\/div>\n","protected":false},"excerpt":{"rendered":"<p>Les r\u00e9p\u00e9titions de l&#8217;Ensemble Saint-Michel ont lieule samedi de 10h30 \u00e0 12h00environ 2 fois par mois (hors vacances scolaires) \u00e0 l&#8217;Accueil Notre Dame du Folgo\u00ebt (salle 1 \u00e0 l&#8217;\u00e9tage) Calendrier des r\u00e9p\u00e9titions Prochaine participation de l&#8217;Ensemble Saint-Michel \u00e0 une messe : Samedi 27 juin 2026 \u00e0 18h00 : Pardon de la Chapelle Saint-Jean \u00e0 PLOUVIEN [&hellip;]<\/p>\n","protected":false},"author":1,"featured_media":0,"parent":0,"menu_order":0,"comment_status":"closed","ping_status":"closed","template":"","meta":{"footnotes":""},"class_list":["post-25","page","type-page","status-publish","hentry"],"_links":{"self":[{"href":"https:\/\/ensemblestmichel.fr\/index.php\/wp-json\/wp\/v2\/pages\/25","targetHints":{"allow":["GET"]}}],"collection":[{"href":"https:\/\/ensemblestmichel.fr\/index.php\/wp-json\/wp\/v2\/pages"}],"about":[{"href":"https:\/\/ensemblestmichel.fr\/index.php\/wp-json\/wp\/v2\/types\/page"}],"author":[{"embeddable":true,"href":"https:\/\/ensemblestmichel.fr\/index.php\/wp-json\/wp\/v2\/users\/1"}],"replies":[{"embeddable":true,"href":"https:\/\/ensemblestmichel.fr\/index.php\/wp-json\/wp\/v2\/comments?post=25"}],"version-history":[{"count":53,"href":"https:\/\/ensemblestmichel.fr\/index.php\/wp-json\/wp\/v2\/pages\/25\/revisions"}],"predecessor-version":[{"id":2808,"href":"https:\/\/ensemblestmichel.fr\/index.php\/wp-json\/wp\/v2\/pages\/25\/revisions\/2808"}],"wp:attachment":[{"href":"https:\/\/ensemblestmichel.fr\/index.php\/wp-json\/wp\/v2\/media?parent=25"}],"curies":[{"name":"wp","href":"https:\/\/api.w.org\/{rel}","templated":true}]}}

<p class="has-text-align-center">Les répétitions de l&#8217;Ensemble Saint-Michel ont lieu<br><strong><em>le samedi de 10h30 à 12h00</em></strong><br>environ 2 fois par mois (hors vacances scolaires)</p>



<p class="has-text-align-center"> à l&#8217;Accueil Notre Dame du Folgoët (salle 1 à l&#8217;étage) </p>



<p class="has-text-align-center"><strong><a href="https://ensemblestmichel.fr/wp-admin/post.php?post=235&amp;action=edit"><em>Calendrier des répétition</em>s</a></strong></p>



<div class="wp-block-group has-global-padding is-layout-constrained wp-block-group-is-layout-constrained">
<p class="has-text-align-center has-vivid-cyan-blue-color has-text-color has-link-color wp-elements-10837d0fec289c10f6df29ec15fc8692">Prochaine participation de l&#8217;Ensemble Saint-Michel à une messe : </p>



<p class="has-text-align-center has-vivid-cyan-blue-color has-text-color has-link-color has-large-font-size wp-elements-c89fc452814fefc7578b8f6720b9bc52"><strong>Samedi 27 juin 2026 à 18h00</strong> :</p>



<p class="has-text-align-center has-vivid-cyan-blue-color has-text-color has-link-color has-large-font-size wp-elements-8574c8f16a9e94e224466cf3b9cbd30b"><strong>Pardon de la</strong> <strong>Chapelle Saint-Jean à PLOUVIEN</strong></p>



<p class="has-text-align-center has-vivid-cyan-blue-color has-text-color has-link-color has-large-font-size wp-elements-d7bbacd12fe71d6facde7f6ae5917bdc"></p>



<p class="has-text-align-center has-medium-font-size"><em><a href="http://ensemblestmichel.fr/wp-content/uploads/2026/04/27Juin2026CHANTS.pdf">Liste des chants</a></em></p>



<p class="has-text-align-center"><em>Interprétation</em></p>



<p class="has-text-align-center"><a href="http://ensemblestmichel.fr/wp-content/uploads/2024/06/Messe-du-samedi-16-novembre2024.pdf"><em></em></a><em><a href="http://ensemblestmichel.fr/wp-content/uploads/2024/06/Messe-du-samedi-16-novembre2024.pdf"></a></em></p>



<p class="has-text-align-left"><strong>Participations récentes :</strong></p>



<p class="has-text-align-left">Samedi 21 mars 2026 : église Saint-Michel de Lesneven</p>



<p>Samedi 13 décembre 2025 : église Saint-Michel de Lesneven</p>



<p>Samedi 21 juin 2025 : chapelle Saint-Jean Balanant à Plouvien (pardon)</p>



<p>Samedi 22 mars 2025 : église Saint-Michel de Lesneven</p>



<p>Samedi 16 novembre 2024 : église Saint-Michel de Lesneven</p>



<p>Samedi 15 juin 2024 : église Saint-Michel de Lesneven</p>



<p class="has-text-align-left">Samedi 10 février 2024 : église Saint-Michel de Lesneven.</p>



<p></p>



<p></p>



<p></p>



<p></p>



<p></p>



<p class="has-text-align-left"></p>



<p class="has-text-align-center"><a href="http://ensemblestmichel.fr/wp-content/uploads/2024/06/Messe-du-samedi-16-novembre2024.pdf"><em><a href="http://ensemblestmichel.fr/wp-content/uploads/2024/06/Messe-du-samedi-16-novembre2024.pdf"></a></em></a></p>



<p></p>



<div class="wp-block-columns alignwide is-layout-flex wp-container-core-columns-is-layout-28f84493 wp-block-columns-is-layout-flex">
<div class="wp-block-column is-layout-flow wp-block-column-is-layout-flow" style="flex-basis:100%"></div>
</div>



<p></p>



<p></p>
</div>

<p>Les répétitions de l&#8217;Ensemble Saint-Michel ont lieule samedi de 10h30 à 12h00environ 2 fois par mois (hors vacances scolaires) à l&#8217;Accueil Notre Dame du Folgoët (salle 1 à l&#8217;étage) Calendrier des répétitions Prochaine participation de l&#8217;Ensemble Saint-Michel à une messe : Samedi 27 juin 2026 à 18h00 : Pardon de la Chapelle Saint-Jean à PLOUVIEN [&hellip;]</p>
